hat is the remainder when 4444 is divided by 4119?
325
Calculate the remainder when 2648127 is divided by 73559.
3
Calculate the remainder when 1559219 is divided by 1750.
1719
What is the remainder when 117581 is divided by 108?
77
What is the remainder when 33893333 is divided by 211?
192
What is the remainder when 1797 is divided by 28?
5
Calculate the remainder when 14130194 is divided by 70.
64
Calculate the remainder when 1114370 is divided by 2198.
2182
What is the remainder when 222573 is divided by 91?
78
What is the remainder when 4078395 is divided by 95?
45
What is the remainder when 8800660 is divided by 410?
10
What is the remainder when 4712731 is divided by 117818?
11
What is the remainder when 2006101 is divided by 2281?
1102
Calculate the remainder when 595070 is divided by 854.
686
What is the remainder when 9598481 is divided by 739?
349
Calculate the remainder when 139280 is divided by 139261.
19
Calculate the remainder when 2177031 is divided by 3.
0
What is the remainder when 13447528 is divided by 189?
178
Calculate the remainder when 4220460 is divided by 61.
53
Calculate the remainder when 350989 is divided by 34143.
9559
What is the remainder when 32665261 is divided by 223?
221
What is the remainder when 1124615 is divided by 166?
131
What is the remainder when 61488246 is divided by 58?
10
What is the remainder when 1122523 is divided by 1057?
1046
What is the remainder when 1200664 is divided by 182?
10
Calculate the remainder when 2644791 is divided by 43357.
14
Calculate the remainder when 52252 is divided by 3296.
2812
What is the remainder when 1236438 is divided by 673?
137
Calculate the remainder when 520962 is divided by 15322.
14
What is the remainder when 7774836 is divided by 7017?
0
Calculate the remainder when 48235 is divided by 4577.
2465
What is the remainder when 34238300 is divided by 11?
8
Calculate the remainder when 20306 is divided by 1245.
386
Calculate the remainder when 77541514 is divided by 524.
518
What is the remainder when 26791 is divided by 261?
169
What is the remainder when 320970 is divided by 7876?
5930
Calculate the remainder when 56353868 is divided by 230.
188
What is the remainder when 28529109 is divided by 2?
1
What is the remainder when 2513550 is divided by 125677?
10
What is the remainder when 120574 is divided by 8561?
720
Calculate the remainder when 790477 is divided by 32.
13
Calculate the remainder when 3856814 is divided by 331.
2
What is the remainder when 14051126 is divided by 3097?
37
Calculate the remainder when 54729306 is divided by 38.
34
What is the remainder when 3280302 is divided by 372?
6
What is the remainder when 6448390 is divided by 183?
19
What is the remainder when 48348116 is divided by 7836?
7832
What is the remainder when 11609558 is divided by 69937?
16
Calculate the remainder when 259850356 is divided by 379.
376
What is the remainder when 917277 is divided by 6156?
33
Calculate the remainder when 60543 is divided by 2013.
153
What is the remainder when 27302675 is divided by 770?
15
Calculate the remainder when 421976 is divided by 421959.
17
What is the remainder when 15771591 is divided by 337?
328
What is the remainder when 344462379 is divided by 1383383?
12
Calculate the remainder when 1964272 is divided by 27.
22
Calculate the remainder when 965362 is divided by 19675.
1287
Calculate the remainder when 422905 is divided by 328.
113
What is the remainder when 2615243 is divided by 30?
23
What is the remainder when 2888 is divided by 2505?
383
What is the remainder when 6557140 is divided by 8?
4
Calculate the remainder when 1096680 is divided by 13213.
1
Calculate the remainder when 8093687 is divided by 60.
47
Calculate the remainder when 10639716 is divided by 425588.
16
Calculate the remainder when 12420974 is divided by 39.
20
Calculate the remainder when 4649166 is divided by 2324576.
14
Calculate the remainder when 6828184 is divided by 1008.
1000
What is the remainder when 3028751 is divided by 1514199?
353
What is the remainder when 379131288 is divided by 970?
968
What is the remainder when 145875 is divided by 16124?
759
What is the remainder when 7136593 is divided by 13?
9
What is the remainder when 48547231 is divided by 13?
5
Calculate the remainder when 983671 is divided by 982984.
687
What is the remainder when 950231 is divided by 411?
410
Calculate the remainder when 7021624 is divided by 1360.
1304
What is the remainder when 503898 is divided by 167383?
1749
What is the remainder when 269793 is divided by 4649?
151
What is the remainder when 226821 is divided by 225079?
1742
Calculate the remainder when 885718 is divided by 143.
119
Calculate the remainder when 2274368 is divided by 5729.
5684
What is the remainder when 628006649 is divided by 7?
4
Calculate the remainder when 2769944 is divided by 27.
14
Calculate the remainder when 84636 is divided by 437.
295
Calculate the remainder when 7896703 is divided by 19.
18
What is the remainder when 20075933 is divided by 236?
121
Calculate the remainder when 1313743 is divided by 77.
46
What is the remainder when 303518145 is divided by 2307?
2304
What is the remainder when 110495 is divided by 338?
307
Calculate the remainder when 2699 is divided by 898.
5
Calculate the remainder when 170306 is divided by 14.
10
What is the remainder when 72332835 is divided by 6?
3
Calculate the remainder when 98368058 is divided by 134.
132
Calculate the remainder when 13085 is divided by 2680.
2365
What is the remainder when 165343 is divided by 1573?
178
Calculate the remainder when 433917 is divided by 97.
36
What is the remainder when 4220 is divided by 2057?
106
Calculate the remainder when 11039495 is divided by 1822.
1819
Calculate the remainder when 392556 is divided by 1014.
138
What is the remainder when 1330486 is divided by 1351?
1102
What is the remainder when 23391 is divided by 3877?
129
Calculate the remainder when 67140232 is divided by 2486675.
7
Calculate the remainder when 6182745 is divided by 476.
457
What is the remainder when 10415133 is divided by 69?
66
What is the remainder when 103189 is divided by 35?
9
Calculate the remainder when 1459458 is divided by 729252.
954
What is the remainder when 25359 is divided by 2133?
1896
What is the remainder when 543565 is divided by 765?
415
Calculate the remainder when 20511 is divided by 523.
114
What is the remainder when 1017267 is divided by 508489?
289
Calculate the remainder when 3683563 is divided by 49.
37
Calculate the remainder when 55451 is divided by 1988.
1775
Calculate the remainder when 542011324 is divided by 151.
146
What is the remainder when 20921 is divided by 1064?
705
Calculate the remainder when 7739888 is divided by 1443.
1079
Calculate the remainder when 10435 is divided by 2037.
250
What is the remainder when 532618 is divided by 2333?
694
Calculate the remainder when 11595744 is divided by 365.
59
What is the remainder when 1122136 is divided by 1810?
1746
Calculate the remainder when 16855411 is divided by 227775.
61
What is the remainder when 377875 is divided by 188493?
889
Calculate the remainder when 540171 is divided by 553.
443
What is the remainder when 44990927 is divided by 12?
11
What is the remainder when 13140570 is divided by 163?
162
Calculate the remainder when 440007773 is divided by 222.
221
What is the remainder when 680496 is divided by 209?
201
What is the remainder when 592023 is divided by 56?
47
What is the remainder when 79185 is divided by 79149?
36
Calculate the remainder when 24031525 is divided by 804.
769
Calculate the remainder when 3302433 is divided by 11271.
30
Calculate the remainder when 5498 is divided by 1340.
138
What is the remainder when 45577944 is divided by 476?
468
What is the remainder when 32997 is divided by 32931?
66
Calculate the remainder when 4863897 is divided by 1569.
1566
What is the remainder when 7003766 is divided by 1958?
0
Calculate the remainder when 64221 is divided by 2602.
1773
What is the remainder when 555103179 is divided by 39?
33
What is the remainder when 16845 is divided by 79?
18
Calculate the remainder when 1699615 is divided by 5992.
3879
What is the remainder when 181054620 is divided by 59754?
0
What is the rema